hat is the greatest common factor of o and d?
1
Let t be 4 + (0/(-3))/3. What is the highest common factor of t and 44?
4
Let h(r) = -2*r - 8. Let l be h(-4). Suppose 0 = 3*f - 3 - 24. Let k = f + l. What is the greatest common factor of k and 81?
9
Let z be (-3)/9 - (-50)/15. What is the greatest common divisor of 27 and z?
3
Suppose -4*i = -5*i + 26. What is the greatest common divisor of 286 and i?
26
Let l(g) = 14*g. Let o be l(1). Let h = o + -10. What is the highest common divisor of 28 and h?
4
Let a be ((-32)/(-20))/(1/15). Suppose -o = -0*o - a. Let f = 36 - o. What is the highest common divisor of f and 4?
4
Let x = 34 - 22. Let o = 25 - x. Calculate the greatest common divisor of 91 and o.
13
Let w(y) be the second derivative of -y**5/20 + y**4/3 + 5*y**3/6 + 7*y**2/2 + 3*y. Let o be w(5). Calculate the highest common divisor of 14 and o.
7
Suppose -25 = 4*i + i, -341 = -3*h + i. Suppose -r = -4*k - 0 - 6, 5*r = -k + 9. Let u be (-2)/2*-15 + k. What is the highest common divisor of u and h?
14
Let m = -25 + 15. Let a(p) = -2*p + 8. Let v be a(m). What is the greatest common factor of 4 and v?
4
Let m = 97 + -91. Calculate the greatest common factor of m and 15.
3
Let b be ((-5)/2)/((-3)/30). What is the highest common divisor of b and 200?
25
Let t be 160/(-3) + (-3)/(-9). Let g = 77 + t. Suppose -5*m - 4*v = -460, 8*v - 3*v + 25 = 0. Calculate the greatest common divisor of g and m.
24
Let b = 64 - 48. Calculate the greatest common divisor of 4 and b.
4
Suppose 5*s = 3*s + 134. Suppose -5*g + s + 33 = 3*a, 3*a - 2*g - 128 = 0. Calculate the greatest common divisor of a and 5.
5
Let g(l) = -l**3 + 16*l**2 + l + 16. Let a be g(16). Calculate the highest common divisor of a and 48.
16
Suppose -d + 2*i + 20 = 0, d - 4*i - 22 = 6. What is the greatest common divisor of 60 and d?
12
Let u be (-2 - (6 - 14))*(-6)/(-4). What is the greatest common divisor of 9 and u?
9
Let d(w) = 2*w**2 + 2*w + 2. Let c be ((-8)/6)/1*-3. Let v be d(c). Let o = -9 + 15. Calculate the highest common factor of o and v.
6
Let x = 37 + 23. Calculate the greatest common divisor of 15 and x.
15
Let b = -29 + 56. Let d = -2 - 2. Let l = d - -7. What is the greatest common factor of b and l?
3
Let y(q) = -q**2 + 12*q + 9. Let k be y(12). Let u be 35/25 + (-4)/10. Let n be (u - (4 + -2))*-9. Calculate the highest common divisor of k and n.
9
Let n = 5 - -1. Let o(m) = m**2 - 2*m. Let f be o(2). Suppose f = 2*s - 4. What is the greatest common divisor of s and n?
2
Suppose 3*w + 2*t = -4, -4*t - 33 = -4*w + t. Suppose q + w*c + 2 = 56, -2*c = -4. What is the greatest common factor of q and 125?
25
Suppose 6*v = 5 + 49. What is the highest common factor of 81 and v?
9
Let k(v) = v**2 - 8*v - 18. Let l be k(10). Calculate the greatest common factor of 3 and l.
1
Let s(r) = r**3 - 2*r**2 - 3*r + 4. Let l be s(4). Calculate the greatest common factor of 6 and l.
6
Let q(u) = -u**3 + 2*u**2 + 3*u + 4. Let x be q(-3). Calculate the greatest common divisor of x and 5.
5
Let j = 3 - -21. Suppose -4*l - 4*n = -20, -5*l + 2*n + j = -1. Suppose 38 = l*c - 2*i, c - 20 = 5*i + 6. Calculate the highest common factor of c and 18.
6
Let l(f) = -f + 61. Let k be l(10). What is the highest common divisor of 68 and k?
17
Suppose 2*t - t = 70. Suppose 5*l - t = -0*l. What is the highest common factor of 70 and l?
14
Let x(n) = -n**3 + 12*n**2 + 4*n - 18. Let z be x(12). Suppose -5*u + 89 = 14. Calculate the highest common factor of z and u.
15
Suppose l + 3*n = -2*l - 36, -3*l + n - 28 = 0. Let m be ((-5)/l)/(1/132). Calculate the greatest common divisor of m and 22.
22
Suppose -7*z + 10*z - 6 = 0. Let s(a) = a**2 + 9*a + 5. Let j be s(-9). Calculate the highest common divisor of z and j.
1
Let h = 24 - 5. Calculate the highest common factor of h and 57.
19
Let w = 28 - 16. Calculate the greatest common divisor of w and 192.
12
Let v(l) = -l**2 + 7. Let p be v(5). Let r = p + 94. Suppose 20 = 2*w - r. Calculate the highest common divisor of 6 and w.
6
Let a = 32 + -7. Calculate the greatest common divisor of 275 and a.
25
Suppose 21 = 3*g - 3*x, 0*x - 35 = -5*g - x. Calculate the highest common factor of g and 63.
7
Let w = 238 - 175. Calculate the greatest common divisor of w and 18.
9
Let g be ((-1)/2)/((-1)/(-4)). Let l(d) be the third derivative of d**5/20 + d**3/3 - 12*d**2. Let y be l(g). What is the greatest common factor of 2 and y?
2
Suppose -2*j + 5 = 1. Suppose 0*f - j*f = -32. Let o(u) = 3*u + 1. Let p be o(1). Calculate the highest common divisor of p and f.
4
Let t be (-375)/(-9) + 2/6. Calculate the highest common factor of t and 14.
14
Let r be (16/10)/(28/700). What is the highest common factor of 50 and r?
10
Let a be 3 - 3/((-9)/21). Calculate the highest common factor of 15 and a.
5
Let c(d) = 3*d + 1. Suppose -l + 5*l = 28. Let a be c(l). Let k be (-1 + -1)/(2/(-11)). What is the greatest common factor of a and k?
11
Let x be 210 + (-3 - (-6 + 3)). What is the greatest common factor of x and 21?
21
Suppose -3*a = 5*c + 110, 4*a - 5*a - 30 = 5*c. Let l = 225 + -386. Let b = a - l. What is the highest common divisor of b and 11?
11
Suppose 75 - 67 = 4*d. What is the greatest common factor of d and 20?
2
Let y be ((-6)/(3/(-1)))/(2/32). Calculate the greatest common factor of 4 and y.
4
Let y be ((-252)/(-15))/(-1 + (-12)/(-10)). Calculate the highest common factor of y and 56.
28
Let s = -18 + 34. What is the highest common divisor of 16 and s?
16
Let s = 21 - 26. Let c(k) = -k. Let j be c(s). Calculate the highest common divisor of 55 and j.
5
Let s(t) = -2*t - 2. Let q be s(-5). Suppose -12*k + q*k = -40. Calculate the greatest common factor of 5 and k.
5
Let w(r) = 9*r**2 - 4*r + 10. Let g be w(2). What is the greatest common factor of 19 and g?
19
Suppose -4*g = -g - 27. What is the highest common divisor of g and 18?
9
Let u(m) = 43*m**2 - 7*m - 6. Let v be u(-1). Calculate the greatest common divisor of 11 and v.
11
Let t(p) = p**2 + 7*p + 2. Let c(h) = -4*h**2 - 28*h - 8. Let n(g) = 2*c(g) + 9*t(g). Let s be n(-7). What is the highest common factor of 2 and s?
2
Suppose c = v - 2, 2*v - 6*c + 3*c = 4. What is the greatest common divisor of v and 18?
2
Let s be (-5 + 2)/((-18)/84). Suppose -s*l + 44 = -12*l. Let i = 4 - 2. Calculate the highest common factor of l and i.
2
Let a be (-3)/7 + 707/49. Let j(k) = k**3 - 4*k**2 + k + 3. Let x be j(4). What is the highest common divisor of x and a?
7
Let w(g) = 22*g**3 - g + 1. Let n be w(1). Let l = -66 - -121. Calculate the greatest common divisor of n and l.
11
Let x(l) = -l**2 + 6*l + 11. Let p be x(8). Let w = 16 + p. Calculate the greatest common divisor of 99 and w.
11
Suppose -96 = z + 2*z. Let m = z - -48. What is the greatest common divisor of m and 2?
2
Let a = 0 + 1. Let x be (-1)/a - (-16)/4. Calculate the greatest common factor of x and 24.
3
Let z be (-350)/(-4) - 1/(-2). Let i(b) = 2*b - 9. Let h be i(10). What is the highest common factor of h and z?
11
Let x = 180 - 160. What is the greatest common divisor of 4 and x?
4
Let z be 18/(-4)*(-3 - -1). What is the greatest common factor of z and 36?
9
Let s = 110 - 54. Suppose 139 = 5*c - s. Suppose 2*i + t = 27 + 4, -i = -2*t - 3. What is the greatest common factor of c and i?
13
Let j = 68 + -51. What is the highest common factor of 17 and j?
17
Let o(m) = 5*m + 2*m**2 - 4*m**2 + 1 - m**2 + 2*m**2. Let b be o(4). Calculate the greatest common factor of b and 20.
5
Suppose -5*f + 224 = -f. Let s be ((-16)/10)/((-2)/10). Calculate the greatest common divisor of f and s.
8
Suppose 0 = 3*p + 5*o - 77, -2*o - 86 = -4*p + 8. Let h be 3 + 4/((-8)/(-90)). Calculate the greatest common factor of h and p.
24
Let j = 47 - 46. Suppose 11 = -6*f + 3*f - 5*g, 3*f - 3*g - 21 = 0. Suppose -5*v + f = -17. Calculate the greatest common factor of j and v.
1
Let g(x) = x**2 - 5*x + 1. Let k be (-1)/(2/6) + 1. Let h be 3*((-1)/3 - k). Let t be g(h). Calculate the greatest common divisor of t and 4.
1
Let k be 4/14 - 5580/(-70). What is the highest common divisor of k and 16?
16
Let z be (4 - 1)/(6/(-284)). Let q be 1/(-5) + z/(-10). What is the greatest common factor of 126 and q?
14
Suppose -176 = -5*j - 2*f, -4*f + 47 + 53 = 3*j. Calculate the highest common divisor o